he prime factors of b.
2, 3, 83
List the prime factors of 0 + 3 - 138156/(-174).
797
Suppose t = 6*t - 365. Suppose t = -o - l, 0 = -3*o - 5*l - 14 - 205. Let c = 110 + o. List the prime factors of c.
37
Let u(n) = 6*n**2 + 35*n - 59. What are the prime factors of u(-17)?
2, 3, 5
Let a = 84 - 146. What are the prime factors of -2 - (-1 + a - 1)?
2, 31
Let r = -1 - -1. Suppose -f + r*f + 7 = 0. Let q = 14 - f. List the prime factors of q.
7
Let a = -31 + 38. Suppose -291 - 73 = -a*p. What are the prime factors of p?
2, 13
Suppose -d - 3*d + 12 = 0, 0 = b - 2*d - 121. Let s be (-15)/(-6)*4*28. Suppose 0*l + b = 2*l + c, -5*l + 5*c + s = 0. What are the prime factors of l?
61
What are the prime factors of 1290 + (76/18 - 50/225)?
2, 647
Let b(f) = -39*f + 15. List the prime factors of b(-15).
2, 3, 5
Let b = -57 + 91. Suppose 171 = h + b. What are the prime factors of h?
137
Let s(b) = -b - 24. Let d be s(0). Let p = d - -33. List the prime factors of (3 - p)/(-1*1).
2, 3
Suppose -2*j = 2*q + j - 19, 5*q - 2*j = 0. Let c be -1 + (5 - q) + -7. List the prime factors of (-2)/c + (-594)/(-15).
2, 5
Let n = -132 - -752. What are the prime factors of n?
2, 5, 31
Let y(u) = 8*u + u**2 + 6 + 0 - 3 + u**2. Let n be (-1 - 4)*1/1. List the prime factors of y(n).
13
List the prime factors of (0 + (-1)/1)/((-1)/117).
3, 13
What are the prime factors of (31 + 0 + -3)*43?
2, 7, 43
Let z(n) = -n**2 - 11*n - 10. Let g be z(-11). Let w = -7 - g. Suppose -3*m + 0 + 30 = 3*x, -5*m + 58 = -w*x. What are the prime factors of m?
11
Let r(u) = u**3 + 5*u**2 - 33*u + 5. List the prime factors of r(-7).
2, 3, 23
Let w be (-39)/78*(0 - 34). Let h be (-84 - (-1 - 1))/(-2). Let j = h - w. What are the prime factors of j?
2, 3
Suppose -5*u + 333 + 102 = 0. What are the prime factors of u?
3, 29
Let h(f) = -4*f + 22. Let w be h(12). Let g(i) = -i**2 - 28*i - 17. What are the prime factors of g(w)?
5, 7
Suppose -4*n = -7*n - 114. Let w = 15 + n. Let k = 45 + w. List the prime factors of k.
2, 11
Suppose 63 = -4*x + x. Let f be 8/(-3)*x/2. Let s = f - -2. What are the prime factors of s?
2, 3, 5
Let q(k) = -2*k - 15. Let m be q(-14). Let r(u) = 3*u**2 - 17*u - 24. List the prime factors of r(m).
2, 131
Let a(k) = 2*k**2 + 6*k - 14. Suppose -48 = -5*u + 4*j, -5*j - 40 - 2 = -4*u. Let v be u/60 - (-214)/(-30). What are the prime factors of a(v)?
2, 3, 7
Suppose 5*g = -3*b + 217, 3*g = -5*b + 2*b + 219. Let t be (8/(-16))/((-1)/b). Let l = -24 + t. What are the prime factors of l?
13
Let x = -19 - -4. Let y = x - -17. Suppose 17 = p + 3*j, y*j = -4*p + 77 + 1. List the prime factors of p.
2, 5
Let b = 189 + -77. Let i = b - 52. What are the prime factors of i?
2, 3, 5
Let d(j) = -4*j**2 - 6*j + 267. Let v(w) = -w**2 - w + 1. Let z(u) = d(u) - 5*v(u). What are the prime factors of z(0)?
2, 131
Suppose 5*m + 21 - 209 = -f, 872 = 4*f - 4*m. Let s = f - 116. What are the prime factors of s?
97
Let u be (-14)/(-49) - (-47)/7. Suppose -3*b + u*b = 164. What are the prime factors of b?
41
Suppose 4*g = 2892 + 3252. What are the prime factors of g?
2, 3
Let p(q) = 4*q + 54. Let w be p(12). Let v = 350 - w. What are the prime factors of v?
2, 31
What are the prime factors of (-2)/(-14) + ((-109848)/28)/(-6)?
2, 3, 109
Suppose 2*o - 57 - 161 = 0. Let x = o + -34. What are the prime factors of x?
3, 5
List the prime factors of ((-3708)/54)/((1 - -1)/(-18)).
2, 3, 103
Suppose -5*z + 5*a - 9*a + 551 = 0, -116 = -z + 5*a. List the prime factors of z.
3, 37
Let m(p) = -21*p + 265. Let k be m(13). Let g(j) be the third derivative of j**5/60 + j**3 - 2*j**2. List the prime factors of g(k).
2, 5, 7
Let y(o) = 345*o**3 - 7*o**2 - 1. What are the prime factors of y(1)?
337
Let s(n) = -3*n**2 - 2*n + 4*n**2 + 9*n - 2. Let r be (6 - 3) + -5 + (-11 - -3). What are the prime factors of s(r)?
2, 7
Suppose -2*g + 18 = 4. Suppose -g*n - 65 + 23 = 0. List the prime factors of 2/n + (-62)/(-6).
2, 5
List the prime factors of 861 - (6 - 150/24)*4.
2, 431
Suppose -12*x + 10 = -17*x. What are the prime factors of 1/x*(-174 - (5 - 7))?
2, 43
Let f = 99 + -71. What are the prime factors of f?
2, 7
Suppose -18 = 3*c - 0*c. What are the prime factors of -2 + -237*2/c?
7, 11
Let a(c) = 2*c + 11. Suppose 2 - 1 = i. Let s = i + 9. List the prime factors of a(s).
31
Suppose 1875 = 3*c + 3*k, -2*c = k - 888 - 366. List the prime factors of c.
17, 37
Let l be ((-13)/(-3))/((-2)/6). Let t = 33 + l. Let b = t - 1. What are the prime factors of b?
19
Let y(l) = -6*l - 1. Let w be y(-2). What are the prime factors of (6/(-9))/(w/(-4719))?
2, 11, 13
Suppose -3*q + 70 = -146. Let b = 150 - q. What are the prime factors of b?
2, 3, 13
Let h(x) = x**2 + 8*x - 81. List the prime factors of h(13).
2, 3
Let c(k) = -k**2 + k + 13. Let v be (-1)/2 + 14/28. Let l be c(v). Suppose 48 = -12*n + l*n. List the prime factors of n.
2, 3
Let o(u) = -5*u + 10*u + 13*u + 4. List the prime factors of o(1).
2, 11
Let t(g) = 2*g**2 + 11*g - 224. List the prime factors of t(-31).
23, 59
What are the prime factors of 14418/13 + (-44)/572?
1109
Let i = 4602 - 1796. What are the prime factors of i?
2, 23, 61
Suppose -5*n = -158 + 13. Suppose 0 = -2*i - 5*z - n + 153, 0 = 2*i + 2*z - 118. What are the prime factors of i?
3, 19
Suppose 93*g - 35*g - 106488 = 0. What are the prime factors of g?
2, 3, 17
Let m(o) = -6 - 4 + 2*o - 5. Suppose 5*a = 3*v - 48, -3*v + 41 = v + a. List the prime factors of m(v).
7
Suppose -5*c + 2333 = 3*m, -365 = 4*m - 4*c - 3433. What are the prime factors of m?
3, 257
Suppose k + 68 = 5*k. Suppose -5 = y - 2*u, -30 = 5*y - 4*u + 25. Let p = y + k. What are the prime factors of p?
2
Let c = -202 - -104. Let s = c - -141. What are the prime factors of s?
43
Let i = -41 + 69. Let a be 2/7 - (-2260)/i. Let b = a - 58. What are the prime factors of b?
23
Let b = 22 + -18. Suppose a + 4*m = 320, -2*a = 3*a + b*m - 1584. List the prime factors of a.
2, 79
Let q(h) = h - 1. Let f(m) = -2*m + 9 + 0*m**2 - m**2 - 2 - 2*m. Let j(w) = f(w) - 5*q(w). What are the prime factors of j(-9)?
2, 3
Let b(w) = 18*w**2 - 3*w - 58. What are the prime factors of b(-11)?
2153
Let m be (6/(-15))/(1/(-5)). Let u(z) = z - 16 + 3*z + m. What are the prime factors of u(6)?
2, 5
Suppose 2*b - 9 = 11. Let j = b + 2. Suppose -q + 39 + j = 0. What are the prime factors of q?
3, 17
Suppose 5*u + 7808 = 3*d - 7472, 25 = -5*u. What are the prime factors of d?
3, 5, 113
Let p = -22 - -38. Suppose 0 = b - p - 13. List the prime factors of b.
29
List the prime factors of (-2504)/(-6) + (-30)/(-45).
2, 11, 19
Let f(m) = m**2 + 25*m + 59. What are the prime factors of f(-24)?
5, 7
Let p(r) = -13*r + 3. Suppose 0 = l + 2*l - 6. Let a be l/(-8) - 42/24. List the prime factors of p(a).
29
Let g(m) = m**3 + 39*m**2 + 90*m + 3. List the prime factors of g(-36).
3, 7, 31
Let m = 48 - 36. Suppose -4*x + 385 = -m*z + 15*z, -373 = -3*z - x. List the prime factors of z.
3, 41
Let v = 6 + -6. Let l(b) = -b**2 + b + 15. Let i be l(v). Suppose 5*a - 2*r - 10 = 10, -i = 3*r. List the prime factors of a.
2
Suppose 20*f = -8*f + 23996. What are the prime factors of f?
857
List the prime factors of (9/(-6))/((-66)/137368).
2, 7, 223
Suppose -4*g - k + 11 = -g, -3*g + 14 = -2*k. Suppose 2*d + g - 114 = 0. What are the prime factors of d?
5, 11
Suppose 3*m - 10 = -x + 6*x, 5*m + 4*x = 29. Suppose 326 = 5*a - d, -m*a + 5*d = -2*a - 200. List the prime factors of a.
5, 13
Let c = -23 + -17. Let i = -28 - c. List the prime factors of i.
2, 3
Suppose -25*i = -18*i + 210. List the prime factors of 53/((1/(-3))/(20/i)).
2, 53
Let a = 9 + -7. Suppose -z + a*z - 7 = 0. Suppose -z = h - 2*h. What are the prime factors of h?
7
Suppose 4*z = 3*r + 32, 5*z - 2*r = -0*r + 33. Suppose z*n + 17 = 147. Suppose -n - 28 = -2*h. What are the prime factors of h?
3
Suppose 2*o + 0*o - 4 = 0. Let x = 1 + o. Suppose -4*h = h + 5*g - 35, h - 4*g + x = 0. List the prime factors of h.
5
Let k(u) be the second derivative of u**4/12 + u**3/3 + 9*u**2 + 23*u. What are the prime factors of k(-8)?
2, 3, 11
Let l(k) = -k**2 + 8*k + 18. Let c be l(9). Let x(d) = -d**2 + 10*d + 5. What are the prime factors of x(c)?
2, 7
Let f = 265 - 136. Let m be ((-192)/(-9) - -2)/((-14)/42). Let r = m + f. List the prime fact